)/(-39). Suppose 0 = 5*d + v - s, -v = 2*d + h*v + 4. What are the prime factors of d?
3
Suppose -9 = -a - 5. Suppose 2 = 2*i + 3*g + 6, 0 = a*i + 4*g. Suppose i*l = 14 + 6. List the prime factors of l.
5
Suppose -1201 = -7*t + 766. What are the prime factors of t?
281
Suppose -5*d = 5*l - 2*d - 144, -l - 3*d = -36. Let t = 39 - l. List the prime factors of t.
2, 3
Let b(s) = s + 13. Let c be b(-7). Suppose -2*x = 4*m - c, x = -0*m + m + 6. What are the prime factors of 1/((2/(-12))/m)?
2, 3
Let i = 4 - 2. Suppose 3*s - i*x - 6 = 0, -4*x - 3 = 2*s - 3*x. What are the prime factors of 2 - (2 - 3 - s)?
3
Let o be 0 - (0/(-3))/2. Suppose 2*d - 2 = -0*d, 3*t + 2*d - 17 = o. What are the prime factors of t?
5
Let a(m) = 31*m + 1. What are the prime factors of a(8)?
3, 83
Suppose -2*s = -p - 162, 2*p - 210 + 60 = -2*s. Suppose z - 72 = -3*g, 0 = 5*g + 2*z - s - 42. List the prime factors of g.
23
Let t(q) = q - 7. Let i be 3/(-4) + 3/4. Let j be t(i). Let v(a) = -a + 6. List the prime factors of v(j).
13
Let d(i) = 3*i**2 + 4*i. Let c be d(-8). Suppose 6*r - r = -c. List the prime factors of r/12*(-18)/8.
2, 3
Suppose 2 = 4*a - h - 2, 20 = 5*a - 5*h. Suppose -3*j + 6*j - 6 = a. Suppose -f - 20 = -0*r - 5*r, j*f = -2*r - 4. List the prime factors of r.
3
Let v be 11 - (-1)/(3/(-9)). Let j = -6 + v. Suppose -j*s = -0*s - 28. What are the prime factors of s?
2, 7
Let h = -23 + 25. Let f(u) = 6*u**2 - 3*u + 7. Let k(b) = -2*b**2 + b - 2. Let q(l) = -2*f(l) - 7*k(l). List the prime factors of q(h).
2, 3
Suppose 0 = -5*t + o - 159, -2*o = 3*o - 20. Let k = 8 - t. List the prime factors of k.
3, 13
Let w = -98 - -142. What are the prime factors of w?
2, 11
Let k = 0 - 4. Let d = k + 8. Let x(h) = 3*h + 5. List the prime factors of x(d).
17
Suppose -a = 3*a - 2*j - 16, -12 = -3*j. Let p be 10/4 - a/12. Suppose 3*x - p = 10. List the prime factors of x.
2
List the prime factors of (-3228)/(-36) - (2/3 + 0).
89
What are the prime factors of (-404)/(-10) + 63/105?
41
Let k = 61 - -67. List the prime factors of k.
2
Suppose 16*b + 462 = 19*b. List the prime factors of b.
2, 7, 11
What are the prime factors of (-10)/(-75) - 1946/(-30)?
5, 13
Let g = 88 + -51. Let x = -21 + g. List the prime factors of x.
2
Let i(m) = m + 15. Let b be i(-14). Let k be 3/6*b*0. Suppose 2*c + k*c = 42. What are the prime factors of c?
3, 7
Let x(o) = -o**3 - 5*o**2 + 5*o - 6. Let d be x(-6). Let m be 36/(-42)*(d - -14). What are the prime factors of (-124)/m - 2/6?
2, 5
List the prime factors of ((-8)/(-2))/(4/110).
2, 5, 11
Let o = -70 - -83. List the prime factors of o.
13
Let t be ((-26)/4 + -2)*-2. Let g = -7 + t. What are the prime factors of g?
2, 5
Let s(h) = h**3 - 3*h**2 - 4*h - 4. Let p be s(4). Let w(j) be the first derivative of -j**3/3 - 5*j**2/2 + 5*j + 1. List the prime factors of w(p).
3
Let m be (-4)/5*175/10. Let g(s) = s**3 + 2*s**2 - 6*s - 1. Let f be g(-4). Let v = f - m. List the prime factors of v.
5
Let t be 54/15 - (-4)/10. Suppose 5*i - 29 = -0*f - 3*f, 0 = -t*i - 8. What are the prime factors of f?
13
Suppose 0 = -5*r + 39 - 9. Let c(a) = -a**2 + 9*a - 6. What are the prime factors of c(r)?
2, 3
Suppose 10 + 15 = 5*l. What are the prime factors of ((-5)/(l/14))/(-2)?
7
Let z(s) be the second derivative of -11*s**3/6 + s**2/2 - 6*s. List the prime factors of z(-4).
3, 5
Suppose 5*x - 20 = q - 2*q, -2*q + 35 = 5*x. Suppose q - 57 = -t. List the prime factors of 6/33 + t/11.
2
Let l = -166 - -253. What are the prime factors of l?
3, 29
Suppose 2*m - 4*m + 8 = 0. Suppose 2*r + m*s + 2 = -0*r, -r - 4*s - 1 = 0. List the prime factors of (-52)/(-10) + r/5.
5
Suppose 24 = 4*d - 0*d. Let l(n) = -3*n**2 - 3*n - 15. Let y(b) = b**2 + 2*b + 7. Let j(v) = -2*l(v) - 5*y(v). What are the prime factors of j(d)?
7
Suppose 5*y + x = 4*y + 8, -3*x - 24 = -y. List the prime factors of y.
2, 3
Let u = -39 + 339. List the prime factors of u.
2, 3, 5
Let r(f) be the third derivative of 43*f**4/24 + f**3/6 + 2*f**2. Let j be r(1). Suppose -3*m = -7*m + j. List the prime factors of m.
11
Let r = -7 - -14. List the prime factors of r.
7
Suppose 3*g - 34 = 14. Let f = 22 - g. Suppose -4*j + f + 14 = 0. List the prime factors of j.
5
Suppose 4*o - 57 = -2*l + 41, 3*l - 141 = -3*o. What are the prime factors of l?
3, 5
Let z be 143/22 + (-2)/(-4). Suppose -37 - 12 = -z*h. What are the prime factors of h?
7
Suppose 5*l - 869 + 224 = 2*t, -3*t = -4*l + 523. What are the prime factors of l?
127
Let a(i) = 4*i + 4. Suppose -v + 3 = b, 2*v - b - 9 = -2*b. Let p be a(v). Let g = -16 + p. What are the prime factors of g?
2, 3
Let z(w) = -w**3 + w**2 + 4*w - 1. Let f be z(3). Let k = -3 - f. List the prime factors of k.
2
Let y be (3 + 2)*(-4 + 3). Let l(w) = -5*w - 1. Let s be l(y). Suppose 0 = -8*k + 5*k + s. What are the prime factors of k?
2
Suppose -5*j = -9 - 11. What are the prime factors of (-4 + -14)*(-2)/j?
3
What are the prime factors of 7/(28/8) + 1?
3
Let q be 6/(-1) + 2 - 2. Let j(a) = a + 3. Let h be j(q). List the prime factors of (16 + 2)*(-2)/h.
2, 3
Suppose 15*u + 76 = 17*u. What are the prime factors of u?
2, 19
Suppose -4*j + 2*m + 26 = 0, 4*j - 1 = 3*j - 5*m. Suppose -55 = v - j*v. Let z(o) = o - 9. What are the prime factors of z(v)?
2
Let v(q) = -6*q + 8. What are the prime factors of v(-7)?
2, 5
Let x(c) = -3*c**2 + 77*c - 12. List the prime factors of x(25).
2, 19
Suppose 3*k + a + 2*a - 69 = 0, -45 = -3*k + 5*a. What are the prime factors of k?
2, 5
Let x = -132 - -191. What are the prime factors of x?
59
Suppose 0 + 2 = -2*q, 4*q + 68 = 2*i. List the prime factors of i.
2
Suppose 2*v = -4*q - 2*v + 192, 2*q = v + 102. Suppose 4*n + q = 5*h, -3*n = 4*h + 12 - 83. List the prime factors of h.
2, 7
Suppose -2*c + c + 14 = 0. Let a = -14 + 33. Suppose 3*m - c = -3*y + 4, -m - a = -4*y. List the prime factors of y.
5
Let h = 6 - -2. Suppose -m + 2*s = -h - 0, 0 = -m + 5*s + 20. Suppose m = -4*o + 16, -6 = -5*j + 5*o - 1. What are the prime factors of j?
5
Suppose -4*k + 2*b = -2 - 2, -4*b = 4*k - 28. Let h(a) = -a**2 - 2*a + 3. Let d be h(k). Let o = -5 - d. What are the prime factors of o?
7
Suppose -3*z - r = -24, 0 = -4*z + 3*r + 76 - 31. List the prime factors of 1*z*(-30)/(-18).
3, 5
Let w(k) = -k**2 + 14*k + 18. List the prime factors of w(12).
2, 3, 7
Let q(w) = 11*w - 2. What are the prime factors of q(8)?
2, 43
Let p(t) = t**2 + 7*t + 8. Let q(c) = c - 2. Let r be q(-5). What are the prime factors of p(r)?
2
Let w(m) = m + 4. Suppose 0 = -2*b + 3*b + 4*q - 24, -2*q = -3*b + 16. What are the prime factors of w(b)?
2, 3
Suppose -4*s = 3*d - 57, -3*d + 5*s + 23 + 7 = 0. What are the prime factors of d?
3, 5
Let o be 104/(-28) + (-2)/7. Let u = o + 4. Suppose -2*t + 6 + 2 = u. List the prime factors of t.
2
List the prime factors of 3/(-6)*-6 - 7*-13.
2, 47
Let z be ((-4)/10)/((-6)/15). What are the prime factors of z*(-2 + 0 + 43)?
41
Let t(v) = v**2 - v - 1. Let d be t(-1). Let x be 45/12 + d/4. Suppose 0 = -x*c + 4 + 16. What are the prime factors of c?
5
What are the prime factors of 35 + 3/6*4?
37
What are the prime factors of 107 - (5 + (-6)/2)?
3, 5, 7
Let z(l) = 2*l**2 - 4*l - 2. Let y = 13 + -16. List the prime factors of z(y).
2, 7
Let i(c) = c**2 - 5*c - 3. Let d be i(6). Suppose -n + 18 = 4*x, 5 = d*x + 3*n - 4. Suppose x*y = -0*y + 55. List the prime factors of y.
11
Suppose 6*b = 10*b - 20. Suppose -5*o = -s - 72, b*o - 2*s - 84 = -5*s. What are the prime factors of o?
3, 5
Let t = -21 + 45. Let y = -3 - -13. Let m = t - y. What are the prime factors of m?
2, 7
Let y be (3 - (-10)/(-4))*2. What are the prime factors of 1*(-13)/(y - 2)?
13
Suppose -2*i + 5*p - 15 = 0, 3*i + 5*p = 31 + 9. Suppose -2*y + 3 + 3 = 0, -4*y + 112 = -i*k. Let r = -12 - k. List the prime factors of r.
2
Let a(c) = -54*c - 16. What are the prime factors of a(-3)?
2, 73
Let k(g) = -g**2 - 15*g - 2. Let x be k(-11). Suppose 4*m = 6*m - x. List the prime factors of m.
3, 7
Suppose -35*y = -31*y - 1172. List the prime factors of y.
293
Suppose -y = w - 0*w - 14, 4*w = -y + 50. Let m = w - 4. List the prime factors of m.
2
Suppose 4*m - 10 = 14. Suppose -3*u - m - 3 = -4*v, 0 = -5*u - 15. Suppose 2*h - 9 - 5 = v. What are the prime factors of h?
7
Let w(y) = 11*y**2 + y. List